 8*d - 6. Let h(o) = o**3 - 20*o**2 + 18*o + 14. Suppose -2*i + i = -38. Let j be 6 - 6 - i/(-2). Let x be h(j). Calculate l(x).
9
Let q be (0 - (-4)/2)*9/(-6). Let w(j) = -j**2 + 9*j - 3. Let d(k) = 3*k**2 - 27*k + 10. Let g(h) = q*d(h) - 8*w(h). What is g(8)?
2
Let l(k) be the third derivative of -k**6/120 - 7*k**5/60 + 3*k**4/8 + k**3/2 - 301*k**2. Calculate l(-8).
-5
Let m be 3/2 + 66/12. Suppose 0 = 5*f - 5*p + 40, m*f - 5*f = -5*p + 12. Let t(j) = -j**3 - 4*j**2 - 3. What is t(f)?
-3
Let z(n) be the first derivative of -1/3*n**3 + 1/20*n**5 + 2*n**2 - 1/6*n**4 - 15 - 14*n. Let l(x) be the first derivative of z(x). Determine l(3).
7
Let n = -510 + 515. Let d(z) = -11*z**2 - 43*z - 21. Let j(b) = -8*b**2 - 30*b - 14. Let a(o) = n*d(o) - 7*j(o). Give a(7).
7
Let m be (-17622)/(-1068) - (15 - -1). Let x(y) be the second derivative of 1/6*y**3 - m*y**4 + 0 + 0*y**2 + 11*y. Determine x(1).
-5
Let d(f) = -2*f**3 - 30*f**2 + f + 17. Let q(k) = 2*k**3 + 26*k**2 + 46*k + 7. Let r be q(-11). Give d(r).
2
Suppose 5*k + 2*h = -45 + 28, k - 4*h + 21 = 0. Let r(z) = -10*z - 11. What is r(k)?
39
Let r(b) = -8*b**2 + 13*b - 6. Let v(f) = -27*f**2 + 40*f - 18. Let w be (14/4)/((6 - -9)/30). Let q(c) = w*r(c) - 2*v(c). Give q(5).
-1
Let y(f) be the second derivative of -1/6*f**3 - 2*f - 102 + 2*f**2. What is y(-5)?
9
Let b(q) be the second derivative of 2*q**3/3 + 15*q**2/2 - 2072*q. Determine b(-10).
-25
Let v(b) = -18*b + 105. Let m be v(6). Let d be (-9 + 6)*5/m. Let f(j) = -j**2 + 9*j - 1. Calculate f(d).
19
Let t(i) = -13*i**3 - 8*i**2 - i - 9. Let b(j) = 24*j**3 + 15*j**2 + 2*j + 17. Let k(p) = -6*b(p) - 11*t(p). Calculate k(0).
-3
Suppose 5*c + 14 = -21. Let a(n) be the first derivative of -n**3/3 - 4*n**2 + 28078. Determine a(c).
7
Let x(c) = c**2 - 3*c - 2 + 4*c**2 - 4*c**2 + c. Let w be (-14)/91 - (-1 - (-22)/26). Suppose -5*l + w*d + 17 = 2*d, 0 = -2*l + 3*d + 3. Calculate x(l).
1
Let h(j) = 73*j**2 - 3*j**3 + 3 - 72*j**2 + 4*j**3. Let m be ((-4)/(-6))/1 - (-40)/(-60). Give h(m).
3
Let m(l) = 27*l**2 + 8*l + 5. Let a(i) = 3*i + 2. Let j(s) = 2*a(s) - m(s). Calculate j(-1).
-26
Let p(m) = 11*m - 2 - 11*m - 2*m. Let c(z) = -z**2 + 15*z + 218. Let l be c(24). Calculate p(l).
-6
Let z(w) = -w - 28. Let l = 2148 + -2157. Determine z(l).
-19
Let h(c) = -10*c + 10. Suppose 5*f - 4*u = 37, -2*f - 3*u = -4*f + 19. Let j(k) = 18*k - 21. Let l(i) = f*h(i) + 3*j(i). Calculate l(5).
7
Suppose -63*j + 132 = -37 - 209. Let h(d) = 6*d - 3*d**3 + 5*d**2 + 5*d**3 - 3*d**3 + 0*d**3 + 6. Calculate h(j).
6
Let u(v) be the third derivative of v**6/120 + 19*v**5/60 + 17*v**4/24 - 4*v**3 - 733*v**2. Determine u(-18).
-6
Let v = 115 - -46. Let n(h) = -4*h + 12*h - 9*h + 2 + v*h**2 - 164*h**2. Give n(-2).
-8
Let y(c) = 14*c - 111. Let j(o) = -27*o + 115. Let x(v) = -2*j(v) - 3*y(v). Give x(-7).
19
Let c(z) = 10*z**2 - 12*z - 3200*z**3 + 6402*z**3 - 3201*z**3 - 9. Give c(-11).
2
Let b(l) = 2464*l - 822*l - 819*l + 14 - 823*l + l**3 + l**2. Give b(-3).
-4
Let v(d) be the first derivative of d**5/60 + 5*d**4/24 - d**3/3 + 28*d**2 - 111. Let x(y) be the second derivative of v(y). Calculate x(-4).
-6
Suppose 0 = -4*h + 16 - 8. Let t(l) = 4*l**h - 2*l**3 + 0*l**3 + 113 + 3*l**3 - 2*l - 110. Let p = 69 - 74. What is t(p)?
-12
Let h(j) = 0*j**2 + 929*j - 9 - 939*j + j**3 + 20 - 7*j**2. Let y be (-4)/(-5)*(-11 - -21). What is h(y)?
-5
Let c(w) be the third derivative of w**4/24 + 37*w**3/3 + 268*w**2 - 4*w. Give c(-14).
60
Let j be (6/(-6) - -2) + 0. Let i(u) be the second derivative of -11*u**5/20 + u**4/6 - u**2/2 + 120*u. What is i(j)?
-10
Let b(k) = -k + 10. Let f be b(12). Let m(i) be the second derivative of i**3/2 + 13*i**2/2 + 19*i. Let t(z) = -2. Let v(l) = -m(l) - 5*t(l). Determine v(f).
3
Let o(k) = 9*k - 74. Let j(w) = 14*w - 111. Let t(a) = 5*j(a) - 8*o(a). Let i be ((-1)/16)/(8/(-32))*72. Let q be t(i). Let n(v) = -4*v**3 - 1. Determine n(q).
-5
Suppose 2 = -2*c + 4*z, 2*c + 3 = 5*z - 1. Let s be 3/9 - 15/(-9). Let q(r) = 4*r - 7*r + r - r**2 - s - r**c. What is q(-2)?
6
Let c(b) be the first derivative of -1/2*b**2 - b**3 - b + 1/4*b**4 + 109. Calculate c(4).
11
Let w(u) = -5 - u + 3*u - 5*u**2 - 2*u - 4*u + 2*u. Let i(p) be the first derivative of -p**3/3 - p**2/2 - p + 1. Let b(d) = 4*i(d) - w(d). What is b(3)?
4
Let b be (-3)/6 - (-38)/(-4). Let h(p) = 5*p - 71. Let k(a) = 24*a - 337. Let y(l) = -19*h(l) + 4*k(l). Calculate y(b).
-9
Let p(n) = 5*n**2 + 1 - n**3 - 8*n + 0*n**3 - 14*n**2. Let s be p(-8). Let z(k) be the third derivative of k**4/8 + k**3/6 + 2*k**2 - 5*k. What is z(s)?
4
Let d(k) = -54*k - 36. Let w(m) = 17*m + 12. Let v(r) = -2*d(r) - 7*w(r). What is v(-9)?
87
Let n(i) = 3*i**2 - 15*i + 8. Suppose 2473 = 218*p + 95*p + 595. Give n(p).
26
Let z(d) be the second derivative of 30 - 1/2*d**2 - 27/20*d**5 + 0*d**4 + 1/3*d**3 + d. Determine z(1).
-26
Let f(q) be the third derivative of q**4/24 + q**3 + 1805*q**2. Calculate f(-1).
5
Suppose 18*j + j + 3572 = 0. Let r = -180 - j. Let s(f) = -f**3 + 8*f**2 + 4. Give s(r).
4
Let f(z) = 7*z**3 - 54*z**2 + 101*z - 66. Let x(k) = 10*k**3 - 80*k**2 + 150*k - 100. Let a(y) = -7*f(y) + 5*x(y). Determine a(20).
22
Let z = 38 - 32. Let t(n) = 3*n - 12. Let v be t(z). Let r(a) = a**2 - 5*a - 4. Give r(v).
2
Let i(r) = -14*r - 63*r**2 + 58*r**2 + 3*r - 53. Let o(u) = -u**2 - 2*u - 11. Let c(y) = 2*i(y) - 11*o(y). What is c(0)?
15
Let r(t) = -3*t**2 - t. Let n = -12 + 11. Let j be r(n). Let u(z) = 14*z**2 - 18*z - 1. Let h(l) = -9*l**2 + 10*l. Let f(q) = 5*h(q) + 3*u(q). Determine f(j).
-7
Let u = -2359 + 1144. Let p = -1209 - u. Let m(h) be the first derivative of h**3/3 - 2*h**2 + 6*h - 1. Give m(p).
18
Let q(x) = -x**2 - x. Let a(y) = y**3 - 14*y**2 + 2*y - 8. Let t(d) = -a(d) + 6*q(d). Let n = -729 + 736. Determine t(n).
1
Suppose -6 = 5*l - p, -4*l + 33 - 3 = 5*p. Let t(g) be the second derivative of l - 1/2*g**4 + 20*g + 1/20*g**5 - 4/3*g**3 + 2*g**2. Calculate t(7).
-3
Let d = -14 + 15. Let a(o) = o**2 + o + 1. Let r(b) be the third derivative of -b**5/20 - b**4/6 - 7*b**3/6 - 37*b**2. Let w(x) = d*r(x) + 6*a(x). Give w(-2).
7
Let k(f) be the second derivative of f**5/20 - f**4/6 - f**3/2 - f**2/2 + 2*f + 410. Suppose -3*q - 9 = -q - 5*t, 2*q - 4*t + 8 = 0. Calculate k(q).
-11
Let z = -22948 - -22948. Let b(h) = 5*h**2 - h - 27. Calculate b(z).
-27
Let i = -29 + 35. Let r(d) be the third derivative of -1/6*d**4 + 0*d + 0 + 3/2*d**3 + 18*d**2. Give r(i).
-15
Let u(h) = -h**3 - 8*h**2 - 12*h + 4. Let b(s) = -124*s + 1978. Let z be b(16). Calculate u(z).
4
Let q(b) = 7*b**3 + 9*b**2 - 19*b - 8. Suppose 53*p = 45*p + 56. Let n(j) = -8*j**3 - 9*j**2 + 22*j + 9. Let i(l) = p*q(l) + 6*n(l). What is i(-9)?
7
Let q = 150 - 149. Let g be 0 + q - (19 + -13). Let j(t) = -t**2 - 2*t + 6. Give j(g).
-9
Let m = -38 + 41. Let c(a) = -16 + a**m - 13 - 6*a**2 + 3*a**2 - 5*a + 32. Give c(4).
-1
Let w = 25 + -17. Suppose 0 = 11*h - 13*h + 6. Suppose 5*v - h*v - w = 0. Let d(a) = a**3 - 5*a**2 - a - 1. Give d(v).
-21
Let u(d) = -66*d + 660. Let b be u(10). Let v(m) = m**3 + 3*m**2 + m + 22. Calculate v(b).
22
Let q(x) = x**2 - 82*x + 179. Let t be q(80). Let f(s) = -s**2 + 18*s + 20. Calculate f(t).
1
Let v(o) be the third derivative of o**5/30 + 2*o**4/3 + 5*o**3/6 - 15*o**2 + 55*o. Give v(-8).
5
Let i(t) be the third derivative of -t**6/120 - 7*t**5/30 - 17*t**4/8 - 7*t**3/3 + t**2 - 28*t - 18. Determine i(-8).
10
Let u be 9 - -25 - (-7 - (-2 - 1)). Let q(m) = -13*m - 12*m - 15*m + u*m. Give q(2).
-4
Let t(z) = -51*z - 826. Let k(j) = -81*j - 1649. Let h(l) = -2*k(l) + 5*t(l). Calculate h(-9).
5
Suppose 130*g - 131*g + 9 = 0. Let m(w) = w**3 + 0*w**3 + g*w - 27*w + 0*w**3 + 9*w - 8*w**2 - 7. Let t = -8 - -17. Give m(t).
-7
Suppose 5*h = 5*b + 5100, -4*h + 25*b = 20*b - 4080. Let j(i) = -2040*i + 7 + h*i + 1017*i. Determine j(10).
-23
Let z(g) = 2*g + 17. Let s be 2824/14 + 442/(-119) + 4. Suppose s*y - 84 = 209*y. Give z(y).
-7
Let b be (-26)/(-4) + (-3)/(-6). Let n(r) be the second derivative of 1/6*r**3 + 0 - 9/2*r**2 + 7*r. Determine n(b).
-2
Let m(u) be the third derivative of u**3 + 0 + 0*u - 5/24*u**4 + 64*u**2. Give m(5).
-19
Let v(s) = 4*s + 11. Suppose 6*m - m + 20 = 0. Let t be ((-52)/(-16) + m)*4. Let a be v(t). L